e remainder when j is divided by 12.
9
Let n = -181 - -274. What is the remainder when n is divided by 47?
46
Let n be (416/520)/((-2)/(-5) - 0). Let v(i) = 17*i. Let l(d) = -52*d + 1. Let p(u) = -3*l(u) - 8*v(u). What is the remainder when p(n) is divided by 20?
17
Let f = 40 - -2. Suppose 37 = 4*q + 5*w, -2*q + w = q - f. What is the remainder when 86 is divided by q?
8
Let l = -13 - -17. Suppose l*v - 22 + 6 = 0. Calculate the remainder when 25 is divided by (3 + -1)*14/v.
4
Calculate the remainder when (-4)/(-7) + 4*12199/308 is divided by 5.
4
Suppose 11*l + 44 - 99 = 0. Let c = 48 - 25. Suppose l*f - c = 12. What is the remainder when f is divided by 2?
1
Suppose -684*g - 20 = -685*g. Let h = 44 + 14. What is the remainder when h is divided by g?
18
Suppose 2*g + 12 - 4 = 0, 2*m - 34 = -5*g. Let w = m - 21. What is the remainder when 47 is divided by w?
5
Let b = 12 - 19. Let q = -8 - b. What is the remainder when 33 is divided by 10/(-15)*18/q?
9
Suppose -3*j = -19*j + 256. Calculate the remainder when 542 is divided by j.
14
Calculate the remainder when 39 is divided by (-10)/((-7)/(105/10)).
9
Let j be 0/(-1)*(-2)/4. Suppose -v - w + 35 = j, 4*v - 4*w - 180 = -40. Let h = 64 - v. Calculate the remainder when h is divided by 11.
7
Let y(z) = 37*z + 1. Let h(w) = -w**2 - 4*w + 6. Let g be h(3). Calculate the remainder when y(1) is divided by g/(9/6*-1).
8
Let v be (-3)/(-6) - 18/12. Let g = 19 - 9. Calculate the remainder when (-4)/((-32)/(-28))*(v + -13) is divided by g.
9
Suppose -9*b + 4*b + 195 = 0. Suppose 2*r = 3*r - b. Let s = -25 + r. What is the remainder when 38 is divided by s?
10
Calculate the remainder when (-147)/(-882)*626*(2 + 1) is divided by 63.
61
Let y = -2034 + 2047. Calculate the remainder when 458 is divided by y.
3
Let u be 4833/99 + (-1 - 13/(-11)). Let z = 75 - u. Let j(f) = f + 5. Calculate the remainder when z is divided by j(4).
8
Let j(t) = t**3 - 7*t**2 + 12*t - 2. Let o be j(7). Suppose 0*s = s - o. What is the remainder when s is divided by 28?
26
Let u(o) = 11*o**2 + 19*o - 69. Calculate the remainder when u(6) is divided by 26.
25
Let z(n) = n**2 + 81*n + 1052. What is the remainder when 3 + -2 + 20 + 1 is divided by z(-16)?
10
Let k(y) = 307*y - 101. What is the remainder when k(2) is divided by 86?
83
Suppose 0 = 4*h - 36 - 36. Let y = h + 10. Suppose -150 = 25*t - y*t. What is the remainder when t is divided by 9?
5
Suppose -2*t + 19 = -25. Suppose 0 = 442*p - 206*p - 18172. What is the remainder when p is divided by t?
11
Let d = 177 + -163. Calculate the remainder when 330 is divided by d.
8
Let z(q) be the second derivative of 13*q**5/20 - q**3/3 + q**2/2 + 5*q. Let j(h) = 35*h**3 - 2*h**2 + h. Calculate the remainder when j(1) is divided by z(1).
10
What is the remainder when -2 + (2 - 2*9/(-6)) is divided by 13/4 - (-3)/(-12)?
0
Let u(k) = 4*k + 7*k - k + 6 - 4*k. Let q be u(5). Let c = -5 + q. Calculate the remainder when c is divided by 8.
7
Calculate the remainder when (-8)/(-60) - 7715/(-75) is divided by 36.
31
Let q(k) = 17*k**2 - 1. Let d(l) = 3*l**2 - 4*l + 6. Suppose 0 = 3*r + 8 - 23. Calculate the remainder when d(r) is divided by q(1).
13
Let v(k) = 7*k**3 - 6*k**2 - 5*k - 22. Let g(w) = -w**3 - w**2 - w. Let h(t) = 6*g(t) + v(t). What is the remainder when 22 is divided by h(13)?
2
Calculate the remainder when 18/(-21) - 6795/(-63) is divided by 12.
11
Calculate the remainder when 55 is divided by 6*(-510)/72*(-2)/5.
4
Suppose 8 - 2 = t. Let f(n) = 9*n + 8. Suppose -s = 4*r + 7, -2*s - s + 29 = 2*r. Calculate the remainder when f(t) is divided by s.
10
Let b(c) = 3*c**2 + 2*c - 10. Let y be b(8). Suppose -32 = -6*g + 22. Calculate the remainder when g is divided by y/30 + 4/10.
2
Suppose -80*q + 98*q - 378 = 0. Suppose -4*o - 4*z + 416 = 0, -2*o - 4*z + 302 = 90. What is the remainder when o is divided by q?
18
Suppose 3*p = 50 + 28. Suppose c = -4 - 2. Calculate the remainder when p is divided by (-105)/5*2/c.
5
Suppose -4*j = -j + 24. Let u be 5 + 4/j*2. Suppose u*y - 215 = -y. Calculate the remainder when y is divided by 11.
10
Suppose -5*q - 46 = -131. Let c be 0 + 2 + -10 + 13. Suppose -s + 4*s = -3*p + 12, s - c*p - 34 = 0. Calculate the remainder when q is divided by s.
8
Suppose -5*o = -177 - 3. Let a = 1193 + -1051. Calculate the remainder when a is divided by o.
34
Calculate the remainder when (-6)/(-39) + (-122544)/(-468) is divided by 14.
10
What is the remainder when (-24)/(-3)*-1 - -603 is divided by 13?
10
Let c(s) = -20*s + 843. Calculate the remainder when -28*(-2 - -3)/(-2) is divided by c(42).
2
Let v = 87 + 26. What is the remainder when v is divided by 29?
26
Let k(r) = r**3 - 4*r**2 - r. Calculate the remainder when 6*1/(5/60) is divided by k(5).
12
Let m(k) = k**3 + 4*k**2 - 3*k. Let g be m(-5). Let p = 68 + g. What is the remainder when p is divided by 15?
13
Let k(b) = -b + 8. Let u be k(-11). Let n(s) = 4*s + u*s**2 - s**2 - 3*s + 20*s**2. What is the remainder when n(-1) is divided by 10?
7
Let q = 618 - 577. What is the remainder when 199 is divided by q?
35
Suppose 2*j - 5*q = -0*q - 155, j - 2*q + 78 = 0. Let b be (-3)/(-3*(-1)/j). Calculate the remainder when 32 is divided by b/(-50)*(-15)/2.
8
Let w(y) = y**2 + 10*y - 6. Suppose 2*t - 16 = -2*t. Suppose 0 = 4*c + 3*a - 70, 2*a + 42 = 6*c - t*c. What is the remainder when c is divided by w(-11)?
4
Suppose 0 = 23*a - 2913 - 399. Suppose 4*m + 17 = i - 0*m, 3*i - 75 = 4*m. What is the remainder when a is divided by i?
28
Let c(d) be the second derivative of d**4/12 - 5*d**3/6 - 6*d**2 + 16*d. What is the remainder when 150 is divided by c(-5)?
36
Suppose -14*g + 12*g + 4 = 0. Suppose -5*r + 2*z = -g*z - 172, r - 2*z - 38 = 0. Calculate the remainder when 126 is divided by r.
30
Let j = -18 - -20. Suppose 0 = -j*i + 91 + 37. What is the remainder when i is divided by 33?
31
Let f(l) = -l - 7. Let a be f(-7). Suppose 0 = -a*t - t + 14. Suppose 0 = -203*w + 194*w + 369. Calculate the remainder when w is divided by t.
13
Suppose m = 2*m + 64. Let o = m - -92. What is the remainder when 109 is divided by o?
25
Let j(t) = 2*t**3 - 5*t**2 + 21*t + 24. What is the remainder when j(7) is divided by 203?
3
Let i = -1215 + 1377. What is the remainder when i is divided by 14?
8
Suppose -b + 5*j = 64, 0*b + 4*b - 3*j = -171. Suppose 3*x - 60 = 3*l, 0 = -4*l - 3*x - 35 - 66. Let k = l - b. What is the remainder when 30 is divided by k?
14
Suppose -8*l + 146 = 2*v, 32*l - 28*l - 75 = -3*v. What is the remainder when (71/3)/(2/12) is divided by l?
16
Let a = -475 + 494. What is the remainder when 263 is divided by a?
16
Let j(m) = m + 39. What is the remainder when 163 is divided by j(39)?
7
Let q = 14 + -9. Suppose 2*r - 20 = 6*r - 5*a, -5*r + 8 = 2*a. Suppose -h - 6 + 19 = r. Calculate the remainder when h is divided by q.
3
Let j(a) = 167*a**3 + 5*a**2 - 16*a + 13. What is the remainder when j(1) is divided by 43?
40
Let x(s) = -s - 6. Let f be x(-8). Suppose f*k - 22 - 48 = 0. Calculate the remainder when k is divided by 20.
15
What is the remainder when (-133)/(-399)*-2*1086/(-4) is divided by 64?
53
Let f(m) = -4*m**3 + m**2 - 6*m + 27. What is the remainder when f(-5) is divided by 5?
2
Let d = 576 + -509. What is the remainder when d is divided by 41?
26
Let b = -21 - -41. Let i = -5 + 16. What is the remainder when b is divided by i?
9
Let h = -38 - -5. Let z = 5 - h. Calculate the remainder when 226 is divided by z.
36
Suppose 0 = -12*d + 16*d - 5*w - 92, 5*d = -2*w + 82. What is the remainder when 160 is divided by d?
16
Let d = -57 - -65. What is the remainder when d*(-3)/(-6) - -27 is divided by 16?
15
Suppose -5*b - 325 = 5*j, -5*b + 0*b - 2*j = 334. Let z = b + 94. Suppose -5*o - 2 = 4*i - 27, i - 2*o - 16 = 0. Calculate the remainder when z is divided by i.
6
Let s(a) = 8 - 4 - 6*a**2 - a**3 + 6. Calculate the remainder when s(-7) is divided by 30.
29
Let g(l) = -l + 243. Calculate the remainder when g(-20) is divided by 67.
62
Let f(b) = 4*b**2 + 5*b + 14. Let k be f(-9). Let p = -121 + k. What is the remainder when p is divided by 35?
32
Let l = -7 - -19. Let f(p) be the third derivative of -19*p**4/24 - 2*p**3/3 - 3*p**2. Calculate the remainder when f(-2) is divided by l.
10
Suppose 0 = -4*l - 4